w, 0 = 5*w + 2*f - 5*f + 161. Let l(x) = 16*x - 1. Let h be l(-1). Let r = h - w. List the prime factors of r.
17
Suppose -s + 7 = 3. Let z = 7 - s. Suppose 4*u - 5*b + 2 = z*u, -2*u + 14 = -b. List the prime factors of u.
2
Suppose -3*n = 9, 2*n = m - 0*m - 12. What are the prime factors of 308/m - (-5)/(-15)?
3, 17
Suppose 2*b = 5*b. Suppose 0 = -b*l - 5*l + 190. What are the prime factors of l?
2, 19
Let x = -461 - -1173. List the prime factors of x.
2, 89
Let a = -18 + 23. List the prime factors of 331/a - (-6)/(-30).
2, 3, 11
Let j = 23 - 32. What are the prime factors of j/(-6)*(-8)/(-6)?
2
Let u = -6 + 8. Let v = u + 2. Let c = 22 + v. List the prime factors of c.
2, 13
Let g = 23 - 20. Suppose -4*j - 252 = -g*k - 2*k, -4*k = -3*j - 201. What are the prime factors of ((-7)/14)/((-2)/k)?
2, 3
Suppose -c = 5*v - 37, -3*c + 4 = -c - 4*v. Suppose j = -2*h - h - c, 0 = -4*j + 5*h - 82. List the prime factors of 2 + (-2 - j - 3).
3, 5
Suppose 531 = 2*r + 5*n, 4*r + 5*n = 3*n + 1070. Suppose r = 7*h - 5. What are the prime factors of h?
3, 13
Let q = 1431 + -1015. What are the prime factors of q?
2, 13
List the prime factors of (-3106)/(-4)*2*(-10)/(-10).
1553
Let g = -3 + -3. Let c(t) = t**2 + 5*t - 5. Let p be c(g). Let y = 12 - p. List the prime factors of y.
11
Suppose -s + 83 = -x, 2*s - 3*x = 3*s - 67. Suppose -2*a + s - 27 = 0. List the prime factors of a.
2, 13
Suppose -5*k = k - 1704. What are the prime factors of k?
2, 71
List the prime factors of 1/(-1)*(-18 - 239).
257
Suppose -3*y + 3*x + 1065 = 0, 0*x = 2*x + 10. What are the prime factors of y?
2, 5, 7
Suppose j = h - 605, h - 21 = -2*j + 584. Suppose h = -2*x + 7*x. What are the prime factors of x?
11
Let b = 2400 - 1546. What are the prime factors of b?
2, 7, 61
Suppose 5*g = -5*d + 5, -d - 3*d + 4*g + 12 = 0. Let v be (-3024)/(-60) + d/(-5). Let p = -18 + v. What are the prime factors of p?
2
Let n be (9/(-6))/(-1)*-2. Let m = 0 - -12. Let o = m + n. What are the prime factors of o?
3
Suppose -2 = 5*o + 4*b, 5*b - 12 = 5*o + 8. Let m be -12*-1*o/(-6). Suppose -m*a = -6*a + 72. What are the prime factors of a?
2, 3
Suppose 4*t = -4*o + 16, t - 4*o + 2 - 1 = 0. Suppose t*j + 2*j = -2*y + 253, 5*j + 134 = y. List the prime factors of y.
3, 43
Let b(q) = 1 - 1 + 1 + 8 - q**3. What are the prime factors of b(0)?
3
Let f(z) be the third derivative of -z**4/4 + 7*z**3/6 - 7*z**2. What are the prime factors of f(-10)?
67
Let j(g) = 14*g**2 - 8*g + 11. What are the prime factors of j(6)?
467
Let a = -143 - -250. List the prime factors of a.
107
Let l(g) = 5 - 3 + 4*g - 3. Let s(i) = 5*i - 2. Let c(v) = -7*l(v) + 6*s(v). What are the prime factors of c(4)?
3
List the prime factors of ((-6)/3)/(-2 - 156/(-79)).
79
Suppose 0*f - f = -4. Let h be (f - 1)*260/30. Suppose 0*w = -w + h. What are the prime factors of w?
2, 13
Let w be (-6)/(-4) - 61/(-2). Suppose -20 + w = -t. Let r = 33 + t. List the prime factors of r.
3, 7
Let m(x) = -x**3 - 11*x**2 + 11*x - 6. Suppose 0 = -9*n + 4*n - 60. List the prime factors of m(n).
2, 3
Suppose -2*y = -174 - 0. Suppose y = 2*r + 1. List the prime factors of r.
43
Suppose 438 = d - 50. What are the prime factors of d?
2, 61
Suppose -14*a + 14089 + 45019 = 0. What are the prime factors of a?
2, 2111
Let d(z) = 4*z + 8. Let p(r) = r - 6. Suppose 44 = w + 3*w. Let l be p(w). List the prime factors of d(l).
2, 7
Suppose 3*l + 23 + 1 = 0. Let b be ((-184)/(-32))/(1/l). Let a = 4 - b. What are the prime factors of a?
2, 5
Let u = 12 + -42. Let d be 6/u - 1443/(-15). Suppose -7*m = -4*m - d. What are the prime factors of m?
2
Let b(y) = 4*y - 3. Let q be b(2). Let t(a) = -q - 4*a - 1 - 3 + 4 + a**2. What are the prime factors of t(-5)?
2, 5
Let s = -513 - -1157. List the prime factors of s.
2, 7, 23
Let q(n) = 62*n - 3. Let h be q(4). Suppose b - h = -4*b. List the prime factors of b.
7
Suppose 0 = -u + 2, -u - 112 - 131 = -5*q. List the prime factors of q.
7
Suppose -22 = -u + 147. List the prime factors of u.
13
Let w = 13 - 11. Let o = w - -7. What are the prime factors of o?
3
Let g be ((-15)/(-4) - 4) + 964/16. What are the prime factors of (196/8)/(1/g*5)?
2, 3, 7
Suppose 2*p - 847 = 1809. What are the prime factors of p?
2, 83
Let s = -45 - -63. Let z be 32/s + 10/45. List the prime factors of -1 + z + -3 - -27.
5
Let m(h) = -2 + 4*h - 5*h + h + 18*h**2 - 3*h. List the prime factors of m(2).
2
Suppose 9*l - 1066 - 4127 = 0. What are the prime factors of l?
577
Let n(z) be the first derivative of 2*z - 5 + 4*z**2 + 2*z - 5*z**2. What are the prime factors of n(-5)?
2, 7
Let w(y) = -y + 1. Let q be w(-5). Let x = q - 2. Suppose -1 = -x*v + 7. What are the prime factors of v?
2
What are the prime factors of (-9)/(-24) - (-14 + (-190099)/56)?
7, 487
Suppose 0 = -z + 5, 3*z - 8 = 3*s + 13. Let l(v) = -2*v**3 - 2*v**2 + 2*v + 1. Let x be l(s). Suppose -71 = -x*o + 59. What are the prime factors of o?
2, 13
Suppose -3*v - 2*d = -3998, -3*v + 1346 = -2*v - 2*d. What are the prime factors of v?
2, 167
What are the prime factors of (2109/(-2907) - (-1)/17)*-6471?
2, 3, 719
Let j be (-6)/(-10) - 175/(-125). Suppose -4*x - 2*g + 146 = -172, -j*x + 2*g + 150 = 0. List the prime factors of x.
2, 3, 13
Suppose -2*w + 6*w + 1294 = -5*g, -969 = 3*w + 3*g. Let s = 166 + w. What are the prime factors of s/(-9) - 18/81?
17
Let a(k) = 4*k + 9. Let j be a(7). Let n = j + -20. Let u = 24 - n. List the prime factors of u.
7
Let c(u) be the second derivative of 4*u**3/3 - 3*u**2 + 14*u - 1. List the prime factors of c(2).
2, 5
What are the prime factors of (-1)/6 - (-631)/6?
3, 5, 7
Let r = -592 - -1060. What are the prime factors of r?
2, 3, 13
Let v(p) = -7*p**2 + 1. Let k be v(1). Let f be 0 + 1 - (5 + k). Let l = 6 - f. What are the prime factors of l?
2
Let h be (-21)/35 + 15/25. Let r = -78 - -136. Suppose -3*x + 5*t + r = 0, h = -t - 0*t + 1. List the prime factors of x.
3, 7
Let u(k) = 68*k**3 + 2*k**2 + 2. List the prime factors of u(3).
2, 29
Let z(p) = 17*p**2 + 20*p + 115. List the prime factors of z(15).
2, 5, 53
Let c(m) = 53*m. Let t be c(2). Let l = 2 + 0. Suppose -l*i - t = -4*o, 0 = -o + i + 38 - 13. List the prime factors of o.
2, 7
Let q be 1 - 2 - 0 - 0 - -4. Suppose 0 = -d - 2, 5*d = -q*n + 3*d + 428. List the prime factors of n.
2, 3
Let i(z) = -7*z - 5. Let f(u) = -1. Let a(g) = 4*f(g) - 2*i(g). Suppose 0 = -4*s + 20, -3*b - 2*b = -s - 20. List the prime factors of a(b).
2, 19
Let n(s) = 219*s - 92. List the prime factors of n(3).
5, 113
Let y = 491 + 367. What are the prime factors of y?
2, 3, 11, 13
What are the prime factors of (-9)/(-12)*(-58788)/(-27)?
23, 71
Suppose 5*d - 29 = 4*d. Suppose 0 = 5*s - 151 - d. List the prime factors of s.
2, 3
Let k(c) = -c**2 - c + 7. Let p be k(0). Suppose p*i - i = 240. What are the prime factors of i?
2, 5
Let r = -1013 + 1621. List the prime factors of r.
2, 19
Suppose -9*s + 26940 = 6*s. List the prime factors of s.
2, 449
Let j = -14 - -13. Let m be -1 + j + -1 + 5. Suppose 3*i = -5*k + 33, -3 + 2 = -k - m*i. What are the prime factors of k?
3
Let y(v) = v**2 - 2*v - 2. Let p be (-4)/8*(1 - -5). Let t be y(p). Let h = t + -9. List the prime factors of h.
2
Suppose -1 = -5*x + 9, -x - 2262 = -4*f. List the prime factors of f.
2, 283
Suppose -12*q + 44 = 8. Suppose 0 = q*a - 5*o - 458, -5*a + o = -0*a - 756. List the prime factors of a.
151
Let f = -15 - 4. Let x = f - -22. Suppose -x*v + 42 = 9. What are the prime factors of v?
11
Suppose -3*q - 6 = -2*q. Let x = -4 + q. Let b = x - -27. What are the prime factors of b?
17
Let t = 27 - 23. Suppose 2*z = -t*z + 126. What are the prime factors of z?
3, 7
Suppose 4*i - 5*z = 10712, i + 2678 = 2*i - 5*z. List the prime factors of i.
2, 13, 103
Let a be ((-85)/(-15) + -6)/(1/(-33)). Suppose a = 4*y + 5*q, -13 = 3*q + 2. List the prime factors of y.
3
Suppose -12235 = -12*w - 2323. What are the prime factors of w?
2, 7, 59
Suppose -2*f = -1128 - 414. What are the prime factors of f?
3, 257
Suppose -8*f = -6*f - 5*o - 435, -3*f - 2*o = -624. List the prime factors of f.
2, 3, 5, 7
Suppose -4*b - 2*v + 3846 = 0, -3*b - 2*b = 2*v - 4807. List the prime factors of b.
31
Let w be (3/(-2))/(5/(-10)). Suppose -w*x = -8 - 1, -3*l - 4*x = -198. List the prime factors o